late the greatest common divisor of 372713 and 19922111.
12023
Calculate the greatest common factor of 3847130 and 90.
10
What is the greatest common divisor of 23923 and 445884?
509
Calculate the greatest common divisor of 3629844 and 576.
36
Calculate the highest common divisor of 435 and 74040567.
87
Calculate the greatest common factor of 69430 and 8798.
106
Calculate the highest common factor of 591 and 44792284.
197
Calculate the greatest common factor of 23803592 and 16.
8
What is the greatest common divisor of 4293586 and 1584?
22
What is the greatest common divisor of 9925 and 3590?
5
What is the greatest common divisor of 1903485 and 45?
15
Calculate the highest common factor of 210132 and 12168.
468
Calculate the highest common divisor of 88011005 and 265.
265
What is the highest common divisor of 58762 and 971982?
22
What is the highest common divisor of 306843192 and 144?
72
What is the highest common factor of 591 and 356793989?
197
What is the greatest common divisor of 28512 and 52408224?
3168
What is the highest common factor of 1730868 and 1416?
12
What is the greatest common divisor of 66 and 73610482?
22
Calculate the highest common factor of 3997156 and 715503.
3019
Calculate the highest common factor of 263 and 240667881.
263
Calculate the highest common factor of 2803275192 and 186.
186
Calculate the highest common factor of 13916 and 355395754.
994
What is the greatest common factor of 1781069 and 32819?
37
What is the highest common factor of 91689837 and 37086?
2649
What is the greatest common divisor of 27912406 and 38?
38
What is the greatest common factor of 1776 and 20551872?
1776
What is the highest common divisor of 5267 and 542478?
23
What is the highest common divisor of 10584 and 12896408?
392
What is the greatest common factor of 6519022 and 5542?
326
Calculate the greatest common factor of 172 and 754614396.
172
What is the greatest common divisor of 8810 and 24890?
10
What is the highest common factor of 3720 and 512895?
465
What is the highest common divisor of 1536 and 24266880?
384
What is the highest common divisor of 2525 and 717175?
25
Calculate the highest common factor of 205 and 564249913.
41
Calculate the greatest common factor of 61408 and 111345632.
3232
Calculate the greatest common factor of 2370 and 272983710.
2370
What is the greatest common factor of 191468 and 414002?
634
Calculate the greatest common divisor of 17319912 and 48.
24
Calculate the highest common divisor of 155 and 4712155.
155
What is the greatest common factor of 185717571 and 1311?
1311
What is the greatest common factor of 2834 and 19170266?
218
What is the highest common divisor of 21164 and 1166?
22
Calculate the greatest common factor of 3496549 and 371.
7
What is the greatest common divisor of 6613255 and 1929?
643
Calculate the highest common divisor of 6347 and 555071115.
577
What is the highest common divisor of 472905 and 104625?
4185
Calculate the greatest common factor of 362880 and 21280.
1120
What is the greatest common divisor of 2624930 and 3196270?
5390
Calculate the greatest common divisor of 1355740740 and 5751.
5751
What is the greatest common divisor of 3602673 and 9?
9
What is the highest common divisor of 8441736 and 19803?
2829
Calculate the greatest common divisor of 3110 and 919664320.
3110
What is the greatest common factor of 9590 and 27710?
10
Calculate the greatest common divisor of 435596288 and 3072.
1024
Calculate the highest common factor of 18908 and 17516.
116
Calculate the highest common divisor of 2705182 and 190.
38
What is the highest common factor of 1096910932 and 13?
13
Calculate the greatest common divisor of 3381 and 565129803.
483
Calculate the highest common divisor of 1149419 and 30743.
71
Calculate the highest common factor of 104186 and 6554.
226
What is the highest common factor of 1924 and 417064?
148
Calculate the highest common divisor of 126651 and 1057497.
777
What is the greatest common divisor of 28682 and 164?
2
Calculate the greatest common divisor of 76 and 2902535.
19
Calculate the highest common divisor of 126 and 137639250.
126
What is the highest common divisor of 55182818 and 767?
59
Calculate the greatest common factor of 576339862 and 14.
14
Calculate the greatest common divisor of 21113235 and 693.
99
Calculate the highest common divisor of 2510446 and 9.
1
Calculate the highest common factor of 414491180 and 2980.
2980
Calculate the greatest common divisor of 76466 and 60398.
26
Calculate the greatest common divisor of 5894 and 1202390.
14
What is the greatest common factor of 384 and 62021760?
384
What is the highest common factor of 6470918 and 2?
2
Calculate the greatest common factor of 1444315652 and 26.
26
Calculate the highest common divisor of 2088 and 1152504.
72
What is the greatest common divisor of 10199 and 23244172?
217
What is the greatest common divisor of 4070 and 9775590?
110
Calculate the greatest common factor of 8 and 25397116.
4
What is the greatest common factor of 7620258 and 7506?
834
Calculate the greatest common divisor of 9 and 25081571.
1
What is the greatest common factor of 23802467 and 889?
127
Calculate the greatest common divisor of 21275 and 169349.
851
What is the highest common divisor of 1980 and 1379961?
99
What is the greatest common divisor of 438374 and 6?
2
What is the highest common factor of 267 and 28695291?
267
Calculate the greatest common divisor of 75241 and 284683.
67
What is the greatest common factor of 10028 and 113068?
92
Calculate the greatest common divisor of 968 and 50422152.
968
Calculate the highest common factor of 1800459 and 684.
171
Calculate the highest common divisor of 8055 and 87079383.
1611
What is the highest common factor of 166080488 and 14?
14
Calculate the greatest common divisor of 8043860 and 8965.
55
Calculate the greatest common divisor of 11837 and 654773.
623
Calculate the highest common divisor of 56 and 22400427.
7
Calculate the greatest common divisor of 29122 and 5582.
2
Calculate the greatest common divisor of 121476 and 285723.
159
Calculate the greatest common factor of 127724 and 23236.
148
Calculate the highest common divisor of 10 and 187897495.
5
What is the greatest common divisor of 131460966 and 585?
117
What is the greatest common divisor of 620103 and 7783?
43
Calculate the greatest common divisor of 680481 and 4221909.
7317
Calculate the highest common factor of 6554 and 681326.
58
What is the highest common divisor of 5039693 and 1577?
19
What is the highest common factor of 37850546 and 76?
38
What is the highest common divisor of 193383 and 144?
9
What is the greatest common divisor of 3029 and 1365?
13
Calculate the greatest common divisor of 2888 and 1468187.
361
Calculate the highest common divisor of 24770604 and 969.
57
What is the highest common factor of 5676904 and 32?
8
What is the greatest common divisor of 310 and 974145860?
310
What is the greatest common divisor of 32 and 18708464?
16
Calculate the greatest common factor of 198563 and 4290898.
4843
What is the greatest common factor of 111237765 and 899?
899
What is the greatest common factor of 4005 and 416965?
445
What is the greatest common factor of 234 and 2444559?
39
What is the greatest common divisor of 378 and 2340436?
14
Calculate the highest common factor of 10438168 and 15364.
668
What is the highest common factor of 483 and 60256056?
21
Calculate the highest common factor of 188 and 7541056.
188
Calculate the greatest common divisor of 266666556 and 1122.
102
Calculate the greatest common factor of 1155 and 16215969.
231
What is the greatest common divisor of 8 and 1679231624?
8
Calculate the highest common factor of 408567060 and 297.
99
Calculate the highest common divisor of 12348409 and 17.
17
Calculate the highest common divisor of 4270 and 33745688.
122
What is the greatest common factor of 7070 and 28620875?
505
What is the highest common factor of 63153 and 29682?
9
What is the greatest common factor of 367 and 5138816942?
367
What is the highest common factor of 496 and 24295878?
62
What is the greatest common divisor of 12652195 and 20?
5
Calculate the greatest common divisor of 202833015 and 693.
231
Calculate the highest common divisor of 1606 and 80269486.
1606
